{"id":715,"date":"2023-03-01T17:24:22","date_gmt":"2023-03-01T16:24:22","guid":{"rendered":"https:\/\/andoa.org\/?page_id=715"},"modified":"2024-05-30T09:26:21","modified_gmt":"2024-05-30T08:26:21","slug":"hazte-socio","status":"publish","type":"page","link":"https:\/\/andoa.org\/?page_id=715","title":{"rendered":"HAZTE SOCIO"},"content":{"rendered":"<p>Aprende y disfruta del mundo de la micolog\u00eda y la naturaleza haci\u00e9ndote soci@<\/p>\n<p>Cuota de socios anual adulto: 20\u20ac<\/p>\n<p>Ser socio de ANDOA permite participar en todas aquellas actividades que la Asociaci\u00f3n organiza, fundamentalmente salidas al monte en la temporada de setas acompa\u00f1ados por expertos y otras fuera de temporada vinculadas siempre con la naturaleza, como conferencias sobre temas diversos como \u00e1rboles, algas, plantas medicinales, cultivo de hongos, etc..<\/p>\n<p>En ocasiones se celebran reuniones y comidas para relacionarnos entre los socios. Adem\u00e1s estamos en contacto con otras asociaciones y compartimos intereses y actividades cuando es posible. La \u00fanica actividad abierta a todos, socios y no socios, es el servicio de \u00abLunes de identificaci\u00f3n\u00bb, que se desarrolla en el local de la Asociaci\u00f3n, situado en la urbanizaci\u00f3n \u00abA Barcala\u00bb de Cambre, calle R\u00edo Barc\u00e9s n\u00ba 6, bajo (entrada por Plaza Casares Quiroga), todos los lunes de 19:30 a 21:30h durante la estaci\u00f3n oto\u00f1al (octubre y noviembre) para identificar con ayuda de expertos los espec\u00edmenes que cualquier persona quiera traer.<\/p>\n<p>La mayor parte de las salidas se realizan en autob\u00fas y en algunas se contrata comida en restaurante. En estos casos se abona el importe de ambos que se comunicar\u00e1 en la convocatoria de la inscripci\u00f3n. A lo largo de la temporada realizamos cursos y talleres que no est\u00e1n incluidos dentro de la cuota de socio, se informar\u00e1 del importe en la convocatoria de la inscripci\u00f3n.<\/p>\n<p>Hacerse socio de ANDOA es muy sencillo: hay que ser mayor de edad, cubrir el formulario o descargarlo\u00a0 y enviarlo por email o correo ordinario a <a href=\"mailto:info@andoa.org\">info@andoa.org<\/a> . En cuanto recibamos tus datos tramitaremos la inscripci\u00f3n y te enviaremos un correo con la programaci\u00f3n de las actividades previstas para esta temporada. Si tienes alguna duda o quieres hacer un comentario puedes hac\u00e9rnoslo llegar a esta direcci\u00f3n de correo y te atenderemos encantados. Nuestro tel\u00e9fono de contacto es 699 150 369.<\/p>\n<p>Para hacerse socio descarga los formularios y env\u00eda por correo ordinario o por email <a href=\"mailto:info@andoa.org\">info@andoa.org <\/a><\/p>\n<ul>\n<li><a href=\"http:\/\/andoa.org\/wp-content\/uploads\/2023\/03\/Ficha-Alta-de-Socios.docx\">Ficha Alta de Socios<\/a><\/li>\n<li><a href=\"http:\/\/andoa.org\/wp-content\/uploads\/2023\/03\/Autorizacion-de-datos.docx\">Autorizaci\u00f3n de datos<\/a><\/li>\n<li><a href=\"http:\/\/andoa.org\/wp-content\/uploads\/2023\/03\/Carta-informativa-Andoa-1.pdf\">Carta informativa Andoa<\/a> (No es necesario enviar)<\/li>\n<\/ul>\n<p>La directiva,<\/p>\n<p>&nbsp;<\/p>\n","protected":false},"excerpt":{"rendered":"<p>Aprende y disfruta del mundo de la micolog\u00eda y la naturaleza haci\u00e9ndote soci@ Cuota de socios anual adulto: 20\u20ac Ser socio de ANDOA permite participar &hellip; <\/p>\n","protected":false},"author":1,"featured_media":0,"parent":14,"menu_order":1,"comment_status":"closed","ping_status":"closed","template":"","meta":{"footnotes":""},"class_list":["post-715","page","type-page","status-publish","hentry"],"_links":{"self":[{"href":"https:\/\/andoa.org\/index.php?rest_route=\/wp\/v2\/pages\/715"}],"collection":[{"href":"https:\/\/andoa.org\/index.php?rest_route=\/wp\/v2\/pages"}],"about":[{"href":"https:\/\/andoa.org\/index.php?rest_route=\/wp\/v2\/types\/page"}],"author":[{"embeddable":true,"href":"https:\/\/andoa.org\/index.php?rest_route=\/wp\/v2\/users\/1"}],"replies":[{"embeddable":true,"href":"https:\/\/andoa.org\/index.php?rest_route=%2Fwp%2Fv2%2Fcomments&post=715"}],"version-history":[{"count":7,"href":"https:\/\/andoa.org\/index.php?rest_route=\/wp\/v2\/pages\/715\/revisions"}],"predecessor-version":[{"id":746,"href":"https:\/\/andoa.org\/index.php?rest_route=\/wp\/v2\/pages\/715\/revisions\/746"}],"up":[{"embeddable":true,"href":"https:\/\/andoa.org\/index.php?rest_route=\/wp\/v2\/pages\/14"}],"wp:attachment":[{"href":"https:\/\/andoa.org\/index.php?rest_route=%2Fwp%2Fv2%2Fmedia&parent=715"}],"curies":[{"name":"wp","href":"https:\/\/api.w.org\/{rel}","templated":true}]}}