{"id":249,"date":"2018-02-07T16:47:43","date_gmt":"2018-02-07T15:47:43","guid":{"rendered":"http:\/\/andoadecambre.com\/?page_id=249"},"modified":"2020-12-06T15:58:06","modified_gmt":"2020-12-06T14:58:06","slug":"enlaces-web","status":"publish","type":"page","link":"http:\/\/andoa.org\/?page_id=249","title":{"rendered":"Enlaces web"},"content":{"rendered":"<p>Libros, aplicaciones para m\u00f3viles, videos de nuestros expertos y enlaces a otras p\u00e1ginas web, para saber m\u00e1s del mundo de las setas.<\/p>\n<hr \/>\n<p><a href=\"http:\/\/andoa.org\/?page_id=198\">LIBROS<\/a>\u00a0\u00a0\u00a0\u00a0\u00a0\u00a0\u00a0\u00a0\u00a0\u00a0\u00a0\u00a0\u00a0 <a href=\"http:\/\/andoa.org\/?page_id=240\">APLICACIONES PARA MOVILES<strong>\u00a0<\/strong><\/a>\u00a0\u00a0\u00a0\u00a0\u00a0\u00a0\u00a0\u00a0\u00a0 <a href=\"http:\/\/andoa.org\/?page_id=255\">VIDEOS<\/a>\u00a0\u00a0\u00a0 \u00a0\u00a0 \u00a0 \u00a0 <strong>ENLACES WEB<\/strong><\/p>\n<hr \/>\n<h4 class=\"consangria\">ASOCIACIONES MICOL\u00d3GICAS<\/h4>\n<h5 class=\"consangria\"><strong><a href=\"http:\/\/www.fgmicoloxia.org\" target=\"_blank\" rel=\"noopener noreferrer\">Federaci\u00f3n Gallega de Micolog\u00eda<\/a><\/strong><\/h5>\n<h5 class=\"consangria\"><strong><a href=\"http:\/\/www.cantarela.org\/\" target=\"_blank\" rel=\"noopener noreferrer\">Agrupaci\u00f3n Micol\u00f3gica <em>A Cantarela<\/em><\/a><\/strong><\/h5>\n<h5 class=\"consangria\"><a href=\"http:\/\/www.azarrota.org\/index.php?option=com_frontpage&amp;Itemid=1\" target=\"_blank\" rel=\"noopener noreferrer\"><strong>Agrupaci\u00f3n Micol\u00f3gica <em>A Zarrota<\/em><\/strong><\/a><\/h5>\n<h5 class=\"consangria\"><a href=\"http:\/\/panderaposo.es\/\" target=\"_blank\" rel=\"noopener noreferrer\"><strong>Agrupaci\u00f3n Micol\u00f3gica <em>Pan de Raposo<\/em><\/strong><\/a><\/h5>\n<h5 class=\"consangria\"><a href=\"http:\/\/refungando.blogspot.com.es\/\" target=\"_blank\" rel=\"noopener noreferrer\"><strong>Agrupaci\u00f3n Micol\u00f3gica <em>Refungando<\/em><\/strong><\/a><\/h5>\n<h5 class=\"consangria\"><a href=\"http:\/\/www.blogoteca.com\/sendeirinha\/index.php\" target=\"_blank\" rel=\"noopener noreferrer\"><strong>Agrupaci\u00f3n Micol\u00f3gica <em>Sendeiri\u00f1a<\/em><\/strong><\/a><\/h5>\n<h5 class=\"consangria\"><a href=\"http:\/\/www.smlucus.org\/\" target=\"_blank\" rel=\"noopener noreferrer\"><strong>Sociedad Micol\u00f3gica <em>Lucus<\/em><\/strong><\/a><\/h5>\n<h5 class=\"consangria\"><a href=\"http:\/\/www.cogordos.com\/index\" target=\"_blank\" rel=\"noopener noreferrer\"><strong>Xuntanza de Mic\u00f3logos <em>Os Cogordos<\/em><\/strong><\/a><\/h5>\n<h5><a href=\"http:\/\/novidadesviriato.blogspot.com.es\/\" target=\"_blank\" rel=\"noopener noreferrer\"><strong>Asociaci\u00f3n Micol\u00f3gica <em>Viriato<\/em><\/strong><\/a><\/h5>\n<h4>NORMATIVA AUTON\u00d3MICA Y ESTATAL<\/h4>\n<ul>\n<li><a href=\"https:\/\/www.xunta.gal\/dog\/Publicados\/2014\/20140507\/AnuncioG0165-250414-0004_es.html\"><span class=\"dog-texto-sumario\">DECRETO 50\/2014, de 10 de abril, por el que se regulan los aprovechamientos madereros y le\u00f1osos, de corcho, de pastos y micol\u00f3gicos en montes o terrenos forestales de gesti\u00f3n privada en la Comunidad Aut\u00f3noma de Galicia y el contenido, organizaci\u00f3n y funcionamiento del Registro de Empresas del Sector Forestal.<\/span><\/a><\/li>\n<li>\u00a0<a href=\"https:\/\/www.boe.es\/boe\/dias\/2009\/01\/23\/pdfs\/BOE-A-2009-1110.pdf\">Real Decreto 30\/2009, de 16 de enero, por el que se establecen las condiciones sanitarias para la comercializaci\u00f3n de setas para uso alimentario.<\/a><\/li>\n<\/ul>\n<h4 class=\"consangria\">OTROS ENLACES DE INTER\u00c9S<\/h4>\n<h5><a href=\"http:\/\/www.todacultura.com\/micologia\/\" target=\"_blank\" rel=\"noopener noreferrer\">Micolog\u00eda en Todacultura.com<\/a><\/h5>\n<h5><a href=\"http:\/\/www.vivelanaturaleza.com\/naturalista\/Micologia1-1.php\" target=\"_blank\" rel=\"noopener noreferrer\">Manual del naturalista<\/a><\/h5>\n<h5><a href=\"http:\/\/revista.consumer.es\/web\/es\/20031001\/miscelanea1\/\" target=\"_blank\" rel=\"noopener noreferrer\">Art\u00edculo de micolog\u00eda en la Revista Consumer<\/a><\/h5>\n<h5><a href=\"http:\/\/www.cestaysetas.com\/\" target=\"_blank\" rel=\"noopener noreferrer\">Cesta y setas, blog y tienda de setas y micolog\u00eda<\/a><\/h5>\n<h5><a href=\"http:\/\/www.ibader.gal\/ficha\/563\/965\/Catalogo-da-macromicobiota-das-montanas-do-Courel-Galicia.html\" target=\"_blank\" rel=\"noopener noreferrer\">Cat\u00e1logo de la macromicobiota de las monta\u00f1as del Courel<\/a><\/h5>\n","protected":false},"excerpt":{"rendered":"<p>Libros, aplicaciones para m\u00f3viles, videos de nuestros expertos y enlaces a otras p\u00e1ginas web, para saber m\u00e1s del mundo de las setas. LIBROS\u00a0\u00a0\u00a0\u00a0\u00a0\u00a0\u00a0\u00a0\u00a0\u00a0\u00a0\u00a0\u00a0 APLICACIONES PARA &hellip; <\/p>\n","protected":false},"author":2,"featured_media":408,"parent":0,"menu_order":0,"comment_status":"closed","ping_status":"closed","template":"","meta":{"footnotes":""},"class_list":["post-249","page","type-page","status-publish","has-post-thumbnail","hentry"],"_links":{"self":[{"href":"http:\/\/andoa.org\/index.php?rest_route=\/wp\/v2\/pages\/249"}],"collection":[{"href":"http:\/\/andoa.org\/index.php?rest_route=\/wp\/v2\/pages"}],"about":[{"href":"http:\/\/andoa.org\/index.php?rest_route=\/wp\/v2\/types\/page"}],"author":[{"embeddable":true,"href":"http:\/\/andoa.org\/index.php?rest_route=\/wp\/v2\/users\/2"}],"replies":[{"embeddable":true,"href":"http:\/\/andoa.org\/index.php?rest_route=%2Fwp%2Fv2%2Fcomments&post=249"}],"version-history":[{"count":11,"href":"http:\/\/andoa.org\/index.php?rest_route=\/wp\/v2\/pages\/249\/revisions"}],"predecessor-version":[{"id":548,"href":"http:\/\/andoa.org\/index.php?rest_route=\/wp\/v2\/pages\/249\/revisions\/548"}],"wp:featuredmedia":[{"embeddable":true,"href":"http:\/\/andoa.org\/index.php?rest_route=\/wp\/v2\/media\/408"}],"wp:attachment":[{"href":"http:\/\/andoa.org\/index.php?rest_route=%2Fwp%2Fv2%2Fmedia&parent=249"}],"curies":[{"name":"wp","href":"https:\/\/api.w.org\/{rel}","templated":true}]}}